{"id":304,"date":"2022-01-19T23:50:47","date_gmt":"2022-01-19T22:50:47","guid":{"rendered":"https:\/\/m\u00fcnchenroda.de\/?page_id=304"},"modified":"2022-01-31T20:19:57","modified_gmt":"2022-01-31T19:19:57","slug":"kulturhaus-muenchenroda","status":"publish","type":"page","link":"https:\/\/m\u00fcnchenroda.de\/?page_id=304","title":{"rendered":"Kulturhaus M\u00fcnchenroda"},"content":{"rendered":"<p>Das am 21. Dezember 1955 eingeweihte Kulturhaus, liegt in bester Lage, mitten im Herzen des Runddorfes. Es ist das Zentrum des kulturellen Lebens in M\u00fcnchenroda.<\/p>\n<hr>\n<h2>zur Geschichte<\/h2>\n<p>Das gesellschaftliche und kulturelle Leben im Ort hatte noch vor 80 &#8211; 100 Jahren haupts\u00e4chlich individuellen Charakter, man besuchte sich gegenseitig oder man ging zu Tanzveranstaltungen in den Nachbarorten. Zur eigenen Kirmes wurde aus Holz ein notd\u00fcrftig \u00fcberdachter Tanzplan aufgebaut unter dessen Dach bei starkem Regen Aufwaschsch\u00fcsseln aufgeh\u00e4ngt wurden, die oft unerwartet kippten und so das k\u00fchle Nass auf bestimmte Tanzpaare ergossen.<\/p>\n<p>Nach 1945 wurden viele Veranstaltungen im Klassenraum der Schule durchgef\u00fchrt, doch mit der sozialistischen Umgestaltung konnte das wachsende kulturelle Bed\u00fcrfnis dort nicht mehr befriedigt werden. Somit beschloss die Kreisleitung der SED den Bau eines Kulturhauses.<\/p>\n\n\n<p>Alle Bewohner M\u00fcnchenrodas halfen unentgeltlich mit. Als Bauplatz bot sich der Garten von Familie Schmidt an und das Material des alten abgerissenen Brauhauses, konnte auch zum Kulturhausbau verwendet werden.<\/p>\n\n\n\n<div class=\"wp-block-columns is-layout-flex wp-container-core-columns-is-layout-9d6595d7 wp-block-columns-is-layout-flex\">\n<div class=\"wp-block-column is-layout-flow wp-block-column-is-layout-flow\">\n<figure class=\"wp-block-image size-full\"><img loading=\"lazy\" decoding=\"async\" width=\"800\" height=\"800\" src=\"https:\/\/m\u00fcnchenroda.de\/wp-content\/uploads\/2017\/03\/aufbau01g.jpg\" alt=\"\" class=\"wp-image-92\" srcset=\"https:\/\/m\u00fcnchenroda.de\/wp-content\/uploads\/2017\/03\/aufbau01g.jpg 800w, https:\/\/m\u00fcnchenroda.de\/wp-content\/uploads\/2017\/03\/aufbau01g-150x150.jpg 150w, https:\/\/m\u00fcnchenroda.de\/wp-content\/uploads\/2017\/03\/aufbau01g-300x300.jpg 300w, https:\/\/m\u00fcnchenroda.de\/wp-content\/uploads\/2017\/03\/aufbau01g-768x768.jpg 768w, https:\/\/m\u00fcnchenroda.de\/wp-content\/uploads\/2017\/03\/aufbau01g-100x100.jpg 100w\" sizes=\"auto, (max-width: 767px) 89vw, (max-width: 1000px) 54vw, (max-width: 1071px) 543px, 580px\" \/><\/figure>\n<\/div>\n\n\n\n<div class=\"wp-block-column is-layout-flow wp-block-column-is-layout-flow\">\n<figure class=\"wp-block-image size-full is-resized\"><img loading=\"lazy\" decoding=\"async\" src=\"https:\/\/m\u00fcnchenroda.de\/wp-content\/uploads\/2017\/03\/aufbau02g.jpg\" alt=\"\" class=\"wp-image-93\" width=\"442\" height=\"248\" srcset=\"https:\/\/m\u00fcnchenroda.de\/wp-content\/uploads\/2017\/03\/aufbau02g.jpg 800w, https:\/\/m\u00fcnchenroda.de\/wp-content\/uploads\/2017\/03\/aufbau02g-300x168.jpg 300w, https:\/\/m\u00fcnchenroda.de\/wp-content\/uploads\/2017\/03\/aufbau02g-768x431.jpg 768w\" sizes=\"auto, (max-width: 442px) 100vw, 442px\" \/><\/figure>\n<\/div>\n<\/div>\n\n\n\n<figure class=\"wp-block-image size-full is-resized\"><img loading=\"lazy\" decoding=\"async\" src=\"https:\/\/m\u00fcnchenroda.de\/wp-content\/uploads\/2017\/03\/aufbau04g.jpg\" alt=\"\" class=\"wp-image-95\" width=\"674\" height=\"449\" srcset=\"https:\/\/m\u00fcnchenroda.de\/wp-content\/uploads\/2017\/03\/aufbau04g.jpg 800w, https:\/\/m\u00fcnchenroda.de\/wp-content\/uploads\/2017\/03\/aufbau04g-300x200.jpg 300w, https:\/\/m\u00fcnchenroda.de\/wp-content\/uploads\/2017\/03\/aufbau04g-768x512.jpg 768w\" sizes=\"auto, (max-width: 674px) 100vw, 674px\" \/><\/figure>\n\n\n\n<p>Und am 21.12.1955 war es dann soweit, das Kulturhaus M\u00fcnchenroda wurde eingeweiht und als Rechtstr\u00e4ger an die LPG \u201eEinigkeit\u201c M\u00fcnchenroda \u00fcbergeben.<\/p>\n\n\n\n<div class=\"wp-block-image\"><figure class=\"aligncenter size-full is-resized\"><img loading=\"lazy\" decoding=\"async\" src=\"https:\/\/m\u00fcnchenroda.de\/wp-content\/uploads\/2017\/03\/urkundeg.jpg\" alt=\"\" class=\"wp-image-91\" width=\"256\" height=\"400\" srcset=\"https:\/\/m\u00fcnchenroda.de\/wp-content\/uploads\/2017\/03\/urkundeg.jpg 513w, https:\/\/m\u00fcnchenroda.de\/wp-content\/uploads\/2017\/03\/urkundeg-192x300.jpg 192w\" sizes=\"auto, (max-width: 256px) 100vw, 256px\" \/><\/figure><\/div>\n\n\n\n<p>Von diesem Zeitpunkt an war das Kulturhaus der kulturelle Mittelpunkt unseres Dorfes. Endlich konnte die Kirmes im Saal gefeiert werden. Das Kulturhaus diente sogar als Sporthalle f\u00fcr die M\u00fcnchenrodaer Sch\u00fcler.<\/p>\n\n\n\n<div class=\"wp-block-columns is-layout-flex wp-container-core-columns-is-layout-9d6595d7 wp-block-columns-is-layout-flex\">\n<div class=\"wp-block-column is-layout-flow wp-block-column-is-layout-flow\" style=\"flex-basis:100%\">\n<div class=\"wp-block-columns is-layout-flex wp-container-core-columns-is-layout-9d6595d7 wp-block-columns-is-layout-flex\">\n<div class=\"wp-block-column is-layout-flow wp-block-column-is-layout-flow\">\n<figure class=\"wp-block-image size-full is-resized\"><img loading=\"lazy\" decoding=\"async\" src=\"https:\/\/m\u00fcnchenroda.de\/wp-content\/uploads\/2017\/03\/g_saalalt01g.jpg\" alt=\"\" class=\"wp-image-98\" width=\"346\" height=\"230\" srcset=\"https:\/\/m\u00fcnchenroda.de\/wp-content\/uploads\/2017\/03\/g_saalalt01g.jpg 800w, https:\/\/m\u00fcnchenroda.de\/wp-content\/uploads\/2017\/03\/g_saalalt01g-300x200.jpg 300w, https:\/\/m\u00fcnchenroda.de\/wp-content\/uploads\/2017\/03\/g_saalalt01g-768x512.jpg 768w\" sizes=\"auto, (max-width: 346px) 100vw, 346px\" \/><\/figure>\n<\/div>\n\n\n\n<div class=\"wp-block-column is-layout-flow wp-block-column-is-layout-flow\">\n<figure class=\"wp-block-image size-full is-resized\"><img loading=\"lazy\" decoding=\"async\" src=\"https:\/\/m\u00fcnchenroda.de\/wp-content\/uploads\/2017\/03\/g_bstub01g.jpg\" alt=\"\" class=\"wp-image-97\" width=\"351\" height=\"233\" srcset=\"https:\/\/m\u00fcnchenroda.de\/wp-content\/uploads\/2017\/03\/g_bstub01g.jpg 800w, https:\/\/m\u00fcnchenroda.de\/wp-content\/uploads\/2017\/03\/g_bstub01g-300x200.jpg 300w, https:\/\/m\u00fcnchenroda.de\/wp-content\/uploads\/2017\/03\/g_bstub01g-768x512.jpg 768w\" sizes=\"auto, (max-width: 351px) 100vw, 351px\" \/><\/figure>\n<\/div>\n<\/div>\n<\/div>\n<\/div>\n\n\n\n<figure class=\"wp-block-table is-style-regular\"><table><tbody><tr><td>Bis heute dreht sich alles um das Kulturhaus. Viele Feste und Feiern werden im Kulturhaus veranstaltet, zum Beispiel die j\u00e4hrliche Kirmes, die durch die angrenzende Freifl\u00e4che mit fester B\u00fchne, noch attraktiver geworden ist. Oder auch Frauentagsfeiern, Versammlungen und vieles mehr. Die R\u00e4umlichkeiten werden auch durch den Feuerwehr- und Heimatverein M\u00fcnchenroda e.V, der seit 1994 Rechtstr\u00e4ger ist, vermietet.<\/td><\/tr><tr><td><\/td><\/tr><\/tbody><\/table><\/figure>\n","protected":false},"excerpt":{"rendered":"<p>Das am 21. Dezember 1955 eingeweihte Kulturhaus, liegt in bester Lage, mitten im Herzen des Runddorfes. Es ist das Zentrum des kulturellen Lebens in M\u00fcnchenroda. zur Geschichte Das gesellschaftliche und kulturelle Leben im Ort hatte noch vor 80 &#8211; 100 Jahren haupts\u00e4chlich individuellen Charakter, man besuchte sich gegenseitig oder man ging zu Tanzveranstaltungen in den &hellip; <\/p>\n<p class=\"link-more\"><a href=\"https:\/\/m\u00fcnchenroda.de\/?page_id=304\" class=\"more-link\"><span class=\"screen-reader-text\">\u201eKulturhaus M\u00fcnchenroda\u201c<\/span> weiterlesen<\/a><\/p>\n","protected":false},"author":2,"featured_media":5,"parent":0,"menu_order":0,"comment_status":"closed","ping_status":"closed","template":"","meta":{"footnotes":""},"class_list":["post-304","page","type-page","status-publish","has-post-thumbnail","hentry"],"_links":{"self":[{"href":"https:\/\/m\u00fcnchenroda.de\/index.php?rest_route=\/wp\/v2\/pages\/304","targetHints":{"allow":["GET"]}}],"collection":[{"href":"https:\/\/m\u00fcnchenroda.de\/index.php?rest_route=\/wp\/v2\/pages"}],"about":[{"href":"https:\/\/m\u00fcnchenroda.de\/index.php?rest_route=\/wp\/v2\/types\/page"}],"author":[{"embeddable":true,"href":"https:\/\/m\u00fcnchenroda.de\/index.php?rest_route=\/wp\/v2\/users\/2"}],"replies":[{"embeddable":true,"href":"https:\/\/m\u00fcnchenroda.de\/index.php?rest_route=%2Fwp%2Fv2%2Fcomments&post=304"}],"version-history":[{"count":2,"href":"https:\/\/m\u00fcnchenroda.de\/index.php?rest_route=\/wp\/v2\/pages\/304\/revisions"}],"predecessor-version":[{"id":306,"href":"https:\/\/m\u00fcnchenroda.de\/index.php?rest_route=\/wp\/v2\/pages\/304\/revisions\/306"}],"wp:featuredmedia":[{"embeddable":true,"href":"https:\/\/m\u00fcnchenroda.de\/index.php?rest_route=\/wp\/v2\/media\/5"}],"wp:attachment":[{"href":"https:\/\/m\u00fcnchenroda.de\/index.php?rest_route=%2Fwp%2Fv2%2Fmedia&parent=304"}],"curies":[{"name":"wp","href":"https:\/\/api.w.org\/{rel}","templated":true}]}}